e highest common divisor of 320 and 9664?
64
What is the highest common divisor of 48 and 1038?
6
What is the greatest common divisor of 3090 and 30?
30
Calculate the highest common factor of 69 and 9407.
23
Calculate the greatest common divisor of 88 and 2744.
8
Calculate the greatest common divisor of 11954 and 344.
86
What is the highest common factor of 137 and 14796?
137
Calculate the highest common factor of 78 and 1157.
13
What is the highest common divisor of 453 and 75?
3
What is the greatest common divisor of 192 and 60?
12
What is the greatest common factor of 84 and 63?
21
Calculate the highest common divisor of 45 and 162.
9
Calculate the highest common divisor of 16 and 10768.
16
Calculate the greatest common factor of 7 and 343.
7
What is the highest common divisor of 1092 and 6?
6
Calculate the highest common divisor of 850 and 250.
50
What is the greatest common divisor of 126 and 8106?
42
What is the greatest common factor of 4344 and 96?
24
What is the highest common divisor of 31 and 589?
31
Calculate the highest common divisor of 16 and 48.
16
Calculate the greatest common divisor of 35 and 140.
35
What is the greatest common divisor of 56 and 6?
2
Calculate the greatest common divisor of 871 and 3082.
67
Calculate the highest common divisor of 12 and 15276.
12
Calculate the highest common factor of 3138 and 18.
6
What is the greatest common divisor of 100 and 11300?
100
What is the greatest common divisor of 138 and 575?
23
What is the highest common factor of 387 and 9?
9
Calculate the highest common divisor of 256 and 27392.
256
Calculate the greatest common factor of 34 and 221.
17
Calculate the highest common divisor of 368 and 23.
23
What is the highest common divisor of 3600 and 630?
90
What is the greatest common divisor of 41 and 4?
1
Calculate the greatest common divisor of 32 and 12.
4
What is the highest common factor of 59 and 3009?
59
Calculate the greatest common divisor of 1675 and 50.
25
What is the greatest common factor of 3047 and 22?
11
Calculate the highest common factor of 186 and 837.
93
What is the highest common factor of 16 and 2?
2
Calculate the greatest common factor of 24 and 57.
3
What is the greatest common factor of 1500 and 60?
60
What is the greatest common divisor of 6 and 354?
6
Calculate the highest common divisor of 132 and 24.
12
What is the highest common factor of 549 and 6466?
61
What is the highest common divisor of 357 and 969?
51
What is the highest common factor of 37631 and 311?
311
What is the greatest common factor of 1 and 61?
1
Calculate the greatest common divisor of 44 and 44660.
44
What is the greatest common divisor of 435 and 1545?
15
What is the greatest common divisor of 192 and 1088?
64
What is the highest common divisor of 16 and 136?
8
Calculate the highest common divisor of 11700 and 52.
52
Calculate the highest common factor of 1281 and 609.
21
What is the greatest common factor of 6176 and 3474?
386
Calculate the greatest common divisor of 111 and 296.
37
What is the highest common factor of 2852 and 552?
92
What is the highest common factor of 323 and 95?
19
Calculate the greatest common factor of 32 and 96.
32
What is the highest common factor of 232 and 24?
8
What is the highest common divisor of 497 and 77?
7
Calculate the highest common divisor of 95 and 15.
5
Calculate the greatest common divisor of 686 and 637.
49
What is the greatest common factor of 162 and 96?
6
What is the highest common divisor of 26 and 1118?
26
What is the greatest common divisor of 2055 and 30?
15
Calculate the highest common factor of 319 and 550.
11
Calculate the highest common factor of 689 and 53.
53
What is the greatest common factor of 288 and 13344?
96
What is the highest common factor of 30 and 37110?
30
Calculate the greatest common divisor of 1 and 2.
1
What is the highest common divisor of 147 and 70413?
147
What is the greatest common factor of 17 and 527?
17
What is the greatest common factor of 77 and 1309?
77
What is the greatest common divisor of 147 and 84?
21
What is the highest common divisor of 833 and 490?
49
Calculate the highest common factor of 403 and 3302.
13
What is the greatest common divisor of 35922 and 6?
6
What is the greatest common factor of 2294 and 74?
74
What is the highest common factor of 469 and 4891?
67
What is the highest common factor of 676 and 416?
52
Calculate the highest common factor of 1715 and 196.
49
Calculate the greatest common factor of 40 and 520.
40
Calculate the highest common factor of 520 and 2145.
65
Calculate the greatest common divisor of 4710 and 50.
10
What is the greatest common factor of 18 and 834?
6
What is the greatest common divisor of 36 and 3756?
12
What is the highest common factor of 340 and 120?
20
Calculate the highest common factor of 413 and 236.
59
Calculate the highest common factor of 545 and 35.
5
Calculate the greatest common divisor of 62 and 2666.
62
Calculate the highest common factor of 11765 and 130.
65
Calculate the highest common factor of 165 and 435.
15
What is the highest common factor of 4 and 92?
4
Calculate the highest common divisor of 754 and 116.
58
What is the highest common factor of 808 and 303?
101
Calculate the highest common factor of 237 and 79.
79
What is the highest common divisor of 20574 and 27?
27
Calculate the greatest common divisor of 103 and 3193.
103
What is the greatest common divisor of 231 and 1287?
33
Calculate the highest common factor of 28 and 595.
7
What is the greatest common factor of 2145 and 260?
65
What is the highest common divisor of 180 and 36?
36
What is the highest common divisor of 60 and 1155?
15
What is the highest common factor of 40 and 260?
20
Calculate the highest common divisor of 1245 and 255.
15
Calculate the greatest common factor of 245 and 98.
49
Calculate the greatest common factor of 29 and 261.
29
What is the greatest common factor of 288 and 48?
48
Calculate the greatest common divisor of 497 and 21.
7
Calculate the greatest common divisor of 72 and 234.
18
What is the highest common factor of 42 and 20734?
14
What is the greatest common factor of 37 and 2479?
37
What is the greatest common divisor of 61 and 29219?
61
Calculate the highest common divisor of 2 and 58.
2
Calculate the highest common factor of 17 and 35.
1
What is the greatest common factor of 464 and 32?
16
What is the greatest common factor of 77 and 10076?
11
Calculate the greatest common divisor of 90 and 60.
30
Calculate the greatest common divisor of 3405 and 30.
15
What is the highest common factor of 1169 and 14?
7
Calculate the greatest common divisor of 207 and 115.
23
What is the highest common factor of 1449 and 126?
63
Calculate the highest common factor of 8 and 5912.
8
What is the greatest common factor of 2639 and 273?
91
Calculate the greatest common factor of 286 and 154.
22
What is the highest common divisor of 1010 and 3232?
202
What is the greatest common factor of 273 and 234?
39
Calculate the highest common factor of 8094 and 342.
114
Calculate the highest common factor of 253 and 1472.
23
What is the highest common divisor of 8 and 544?
8
Calculate the greatest common divisor of 50 and 3375.
25
What is the greatest common divisor of 133 and 6517?
133
What is the highest common factor of 108 and 396?
36
What is the greatest common factor of 77 and 22?
11
Calculate the greatest common factor of 196 and 2268.
28
Calculate the greatest common divisor of 4709 and 554.
277
Calculate the greatest common factor of 138 and 150.
6
What is the greatest common factor of 80 and 80?
80
Calculate the greatest common factor of 17 and 68.
17
What is the highest common factor of 22 and 517?
11
What is the greatest common factor of 144 and 486?
18
Calculate the greatest common divisor of 120 and 400.
40
Calculate the greatest common factor of 156 and 72.
12
What is the greatest common factor of 52 and 1742?
26
What is the greatest common factor of 136 and 153?
17
Calculate the highest common factor of 4 and 58.
2
Calculate the highest common divisor of 75 and 3450.
75
What is the greatest common factor of 38 and 26?
2
What is the greatest common factor of 258 and 24?
6
Calculate the highest common divisor of 144 and 9756.
36
What is the highest common fact